hat is the units digit of (-4)/(-2)*(-21)/b?
1
Let x = 10 + -6. Suppose -3*d = x + 14. What is the units digit of (-10)/(-6) + d/9?
1
Let j be (1 - 31) + (3 - 2). Let g = -21 + 62. Let l = g + j. What is the units digit of l?
2
Let d(o) = -4*o**2 + 4*o - 2. Let f be d(2). Let v = f + 15. Suppose v*p - 7 = 8. What is the units digit of p?
3
Let v be ((-6)/15)/(2/10). Let w = v - -3. What is the units digit of w?
1
Let m be 1/((-3)/(-9)) + -10. Let u = -5 - m. What is the units digit of u?
2
Suppose 4*b - 47 = -3*x, -4*x - b = b - 76. What is the tens digit of x?
2
Let c(x) = x - 1. Let k(f) = 14*f**2 + 3*f - 4. Let q(t) = -3*c(t) + k(t). Let r be q(-1). Let b = r + 1. What is the units digit of b?
4
Let q be 30/(-4) + 1/(-2). What is the units digit of q/(-28) + (-178)/(-14)?
3
Suppose -3*z + 109 = -326. What is the tens digit of z?
4
Suppose 0 = -n + 2*b + 169, -31 = n + b - 212. Suppose -2*f + 185 = -5*z, -2*z + n = 2*f + z. Suppose -m = 4*m - f. What is the units digit of m?
8
Let w(h) = 25*h - 15. Let t(o) = 5*o - 3. Let i(d) = -11*t(d) + 2*w(d). Let v = 3 - 6. What is the tens digit of i(v)?
1
Let a be 6/(-33) + (-171)/(-33). Suppose -a*q + 24 = -46. What is the tens digit of q?
1
Let o(l) = -20*l**3 + l**2 - 1. Suppose 4*c + 5 = -3*k, 0 = 2*c + 4*k + 7 + 3. Let a be o(c). What is the units digit of (10/25)/((-2)/a)?
4
Let s(q) = 11*q**2 - q + 1. What is the tens digit of s(1)?
1
Let s be 1 - (0 + 9 + -2). Let m = -2 - s. Suppose -10 = 2*o - m*o. What is the units digit of o?
5
Suppose -4*l + 3 = 4*w + 67, 2*l - w = -29. What is the units digit of l/(-5) - (-2 + 1)?
4
Let k be 0/(-7) - (-1 - -21). Let y = 45 + k. What is the units digit of y?
5
Suppose 0 = -5*v + 18 + 2. Suppose -w + v*w - 12 = 0. Suppose f = w*o - 61, -o = -3*o - f + 35. What is the units digit of o?
6
Let k = 363 - 71. What is the tens digit of k?
9
Let q = 3 + -14. Let n = -4 - -6. What is the units digit of (q/n - -2)*-2?
7
Let f(r) = r**3 - 11*r**2 + 3*r - 6. Let o(p) = -3*p - 7. Let a be o(-6). What is the units digit of f(a)?
7
Suppose -834 + 162 = -3*o. What is the tens digit of o?
2
Let j = 2 + 1. Suppose 0*i - j*i + 9 = 0. What is the units digit of (-2)/i - (-24)/9?
2
Let y(i) = -8*i - 21. Suppose 2*a = -3*a - 45. What is the tens digit of y(a)?
5
Let k(w) be the third derivative of -w**5/40 - w**4/6 - w**3/6 + 2*w**2. Let o(l) be the first derivative of k(l). What is the units digit of o(-4)?
8
Suppose -2*c = 4*m - 530, -2*c + 4*m + 554 = -0*c. What is the hundreds digit of c?
2
Suppose 2*f - 31 = 1. Let w = -6 + f. What is the tens digit of w?
1
Let x(m) = m**2 + 7*m + 7. Let z be x(-5). Let d = z + 5. Suppose d = g - 2. What is the units digit of g?
4
Suppose -7*k + 3*k = -5*m - 3, -k + m + 1 = 0. Suppose 0 = -0*s - k*s + 2. What is the units digit of s?
1
Suppose -3*j + 11 + 31 = 3*i, -j = 1. What is the units digit of i?
5
Let x(k) = k**2 - 9*k + 9. Suppose 0 = -3*n + 9. Suppose -n*u + 8 = d, 0 = -5*d + 2*d - 2*u + 24. What is the units digit of x(d)?
1
Let y(q) = -33*q + 14. What is the units digit of y(-6)?
2
Let c(j) = -2*j**3 - 6*j**2 + j + 4. What is the units digit of c(-4)?
2
Suppose -2*h + 2 = -4, 2*h - 264 = -2*p. What is the hundreds digit of p?
1
Let b be 690/(-24) - (-1)/(-4). Let z = b - -51. What is the units digit of z?
2
Suppose -1 = 5*n - 6, -4*z - 5*n = -21. Suppose -d - 11 = -t, -4*t - z*d - 12 + 96 = 0. What is the units digit of t?
6
Suppose g - 3*q - 268 = 0, 7*q - 303 = -g + 3*q. What is the tens digit of g?
8
Let q(j) = j**3 - 12*j**2 + 13*j + 7. Let h be q(11). Let p = h - 9. What is the units digit of p?
0
Suppose 126 = 2*z - 4*c, -3*z + 5*c = -61 - 123. What is the units digit of z?
3
Let h(a) = -a + 1. Let f(j) = 5*j + 4. Let c(n) = -f(n) - 2*h(n). What is the units digit of c(-5)?
9
Suppose -6*s + 175 = -53. What is the units digit of s?
8
Let i(n) = -2*n + 6. Let f be i(3). Suppose 5*o - 2*c - 143 = -c, -3*o + 5*c + 77 = f. What is the tens digit of o?
2
Let s(y) = 2*y**3 - 5*y**2 + 6*y - 4. Let w be s(4). Suppose 0 = 2*k - 20 - w. What is the tens digit of k?
4
Let f(b) = -2*b + 2. Suppose -3*j - 17 - 1 = 0. Let z be f(j). Let v = z - 10. What is the units digit of v?
4
Let d(g) = -2*g. Let y be d(-3). Suppose -3*j - 9 = -3*w, -4*w - 2*j - 3*j - y = 0. What is the units digit of (4 - w)*(-1)/(-3)?
1
Suppose 0 = -0*v - v + i + 234, -672 = -3*v - 3*i. What is the units digit of v?
9
Let v be (0/1)/(-2) - -2. Suppose -v*r - 18 = -g + 3*g, -5*r - 41 = 4*g. Let m = 11 + r. What is the units digit of m?
6
Let o(k) = -k**3 + 7*k**2 - 6*k + 8. What is the units digit of o(6)?
8
Suppose 300 + 322 = 4*z + 2*t, -z + 4*t = -151. What is the units digit of z?
5
Let c(s) = 5*s - 24. What is the units digit of c(6)?
6
Suppose 4*s = -5*w + 56, -4*s + 3*w + 32 = 2*w. Suppose f = -4 + s. What is the units digit of f?
5
Let y(p) = p**2 - 8*p - 32. What is the units digit of y(19)?
7
Let u(p) = p**3 - 2*p + 2. Let v be (9/18)/((-1)/(-4)). What is the units digit of u(v)?
6
Let s = -13 + 16. Suppose -s*o = o - 4. What is the units digit of o?
1
Suppose 2*r - 6 = 2*l - 0*l, 0 = 4*l - r + 3. Let f = l - -27. Suppose f - 11 = 2*a. What is the units digit of a?
8
Let k = 5 + 1. Suppose 3 = -3*q + k. What is the units digit of q?
1
Let i be (0 + 0)/(7 - 6). Suppose i = t - 14. What is the tens digit of t?
1
Suppose -2*j + 0*h - h + 18 = 0, 3*h + 9 = 3*j. What is the units digit of j?
7
Let n be (8/1 + -3)*1. Suppose n*i = i + 148. What is the tens digit of i?
3
Let t = -475 - -721. What is the hundreds digit of t?
2
Suppose 3*c - 16 = -c. Let y(k) = -k**3 + 3*k**2 + 4*k + 1. Let w be y(c). What is the units digit of 10/(1 - -1) + w?
6
Let p = 5 + -5. Suppose 10 = 5*g - p. Suppose -g*u + 10 = -0*u. What is the units digit of u?
5
Let a(x) = -x**2 + 4*x. Let m be a(3). Suppose 3*i = -5*f + 45 - m, -3*f + 30 = 3*i. Let n = f - 2. What is the units digit of n?
4
Suppose 0*l - 45 = -3*l. Let z = -10 + l. What is the units digit of z?
5
Let x = 57 - -239. What is the hundreds digit of x?
2
Suppose -124 + 300 = 4*g - 4*k, -k = -3*g + 134. Suppose 0 = -6*i + i + g. What is the units digit of i*(-2)/(0 + -2)?
9
Let k(b) = -b**3 - 6*b**2 - b - 3. Let x be k(-6). What is the units digit of 4/(2/x + 0)?
6
Let h = 0 + 5. Suppose 0 = -h*d + 2*o + 56, 0 = d + 2*d - o - 33. Suppose -d = -2*w + 2*l, -3*l = 5*w - 23 - 26. What is the units digit of w?
8
Let r be (-15)/2*12/5. What is the tens digit of 6/4*(-204)/r?
1
Let i(b) = b + 1. Let k = -15 - -22. What is the units digit of i(k)?
8
Let h(p) = 4*p**2 - 11*p + 14. What is the units digit of h(7)?
3
Let v = -29 + 69. Suppose 2*d = 7*d - v. Suppose d = 3*z - 1. What is the units digit of z?
3
Let w(d) = -d**3 - 5*d**2 - 4*d + 8. Let g(v) = v**3 + 5*v**2 + 4*v - 9. Let q(u) = 3*g(u) + 4*w(u). What is the units digit of q(-4)?
5
Suppose 0 = 6*u - 496 + 46. What is the units digit of u?
5
Let f(i) = i**3 - 3*i**2 + i + 5. What is the tens digit of f(4)?
2
Suppose -5*q + q = -212. Let z = -34 + q. Let y = 32 - z. What is the units digit of y?
3
Let o be 2/(-5) - (-693)/(-55). Let b = o - -33. What is the units digit of b?
0
Suppose -s + 30 = -0*s + 5*c, -4*c = 8. What is the tens digit of s?
4
Let i(s) = 2*s**2 + 8*s + 6. Let k be i(-6). Suppose 0 = y - 6*y + 4*g + k, 0 = 2*g + 10. What is the units digit of y?
2
Suppose 40 = l - 5*l. Let f = -5 - l. Suppose -f*d = -3*b, 2*b - 18 = -d - b. What is the units digit of d?
3
Let g(o) = -o**3 - 3*o**2 - 4*o - 4. Suppose 0 + 3 = -n. What is the units digit of g(n)?
8
Let a = -20 - -8. What is the units digit of (-40)/(-16)*a/(-5)?
6
Suppose 5*g - 2*n - 194 = 0, 4*g - 3*n = 3*g + 44. What is the units digit of g?
8
Let q = -30 - -46. What is the units digit of 1 + -2 + q - 2?
3
Let n(k) = -86*k - 28. What is the tens digit of n(-3)?
3
Let z be (-6)/(-8) + 75/(-20). What is the units digit of z*(-1)/(2 + -1)?
3
Let i = 7 + -5. Suppose -i*q - 3*q = 20. What is the tens digit of q/(-6) + 148/12?
1
Let h(n) = -2*n - 5. What is the units digit of h(-8)?
1
Let i = -48 - -59. What is the tens digit of i?
1
What is the tens digit of 348/(-3 - -6) + (2 - -1)?
1
Suppose 7*b - 13*b = -1854. What is the tens digit of b?
0
Let u(z) = -z**3 + 17*z**2 + 15*z + 23. What is the hundreds dig